 -2*t + 3537 = 3*t + m. List the prime factors of t.
2, 3, 59
Suppose -23*r = -22*r + 6, 2*r - 12024 = -2*o. List the prime factors of o.
2, 3, 17, 59
Let a be (16/(-4) - -2) + 18. Let q be (-125)/5*a/(-5). Suppose 76 + q = 4*z. What are the prime factors of z?
3, 13
Let a(m) = -m**3 + 11*m + 4. Let k be a(-3). Let j be -2 - (k - (-3 + (0 - -19))). Let t = j - -35. What are the prime factors of t?
3, 17
Suppose -24*z + 28*z = -460. Let l = z - -354. List the prime factors of l.
239
Suppose 26*b - 10*b = 8*b + 116096. What are the prime factors of b?
2, 907
Suppose 2*p + 9288 = -10*p. Let h = 1311 + p. List the prime factors of h.
3, 179
Suppose 370458 - 1095621 = -47*r. List the prime factors of r.
3, 37, 139
Suppose 79966 = 4*b - 5*q, -194*q = b - 190*q - 20023. What are the prime factors of b?
7, 2857
Let n be 796/12 + 16/(-12). Let m = 194 + n. What are the prime factors of m?
7, 37
What are the prime factors of (880/704)/((-10)/(-44448))?
2, 3, 463
Suppose -30301127 = -379*j - 10958104. List the prime factors of j.
7, 23, 317
Let l(s) = 2*s**3 + 78*s**2 - 130*s - 19. List the prime factors of l(-37).
10267
Let j be 0 + 1 + 0 - (0 - 2). Suppose 0 = j*a - 1669 + 514. What are the prime factors of a?
5, 7, 11
Suppose 15*a = 12*a + 18285. Suppose a + 1699 = 18*q. List the prime factors of q.
433
Let d = 464 + -473. Let b(a) = -97*a + 123. What are the prime factors of b(d)?
2, 3, 83
Let y(n) = 41*n**2 - 47*n + 6. Suppose -5*a - 43 = -78. List the prime factors of y(a).
2, 3, 281
Suppose 3*h - 3*v + 2709 = 0, h = -0*h - 3*v - 911. Let o = h + 1566. What are the prime factors of o?
661
Let j(s) = -11 - 56*s**2 + s**3 + s + 68*s**2 - 36. What are the prime factors of j(-11)?
3, 7
Let b = 14 - 14. Suppose 3*q + 6*r - 2*r + 86 = 0, b = -2*q - 5*r - 69. List the prime factors of (-3 + (-6)/3)/(2/q).
5, 11
Let f = 205 - 213. Let a(r) = 10*r + 4*r**2 + 2 + 9 + 6*r. List the prime factors of a(f).
139
Let s be 323 + (-2 - -1) - 0. Let b(p) = 690*p**2 - 8*p - 4. Let x be b(-1). Suppose 2*t + 1014 = 3*h + s, 3*h - 4*t - x = 0. List the prime factors of h.
2, 5, 23
Suppose -14*y = 34 - 104. Suppose l = 5*m - 0*l + 424, -5*m - 440 = -y*l. What are the prime factors of (-1 - 0)/(((-50)/m)/(-25))?
2, 3, 7
Suppose -2 = 3*f - 2*f. Let k(n) be the first derivative of -n**4/2 + 2*n**3/3 - n**2/2 - n + 3. What are the prime factors of k(f)?
5
Let y = 76 - -305. Let w = 790 - y. What are the prime factors of w?
409
Suppose -623 = -5*a + 2017. Suppose -4*n + h = -544, -9*h - a = -4*n - 4*h. List the prime factors of n.
137
List the prime factors of (-125740)/(-12) + 2 + (-96)/72.
3, 7, 499
Suppose 4*d - 19059 + 1736 = -1667. List the prime factors of d.
2, 19, 103
Let d = 587 + -587. Suppose 6*i - 490 - 470 = d. List the prime factors of i.
2, 5
Let n be 0 - -2 - (-1166 - 23). Suppose n - 6266 = -7*y. List the prime factors of y.
5, 29
Suppose 9*h - 4726 - 3644 = 0. Suppose 6*a - 3486 = -h. What are the prime factors of a?
2, 3, 71
Suppose -108*g + 110*g - 6 = 0. List the prime factors of (g + -8)/(-10)*446.
223
Let i = 123007 - 45870. List the prime factors of i.
77137
Let h = 2694 + -308. List the prime factors of h.
2, 1193
Suppose 12*v + 105 - 321 = 0. Suppose 0 = 13*t - v*t + 370. What are the prime factors of t?
2, 37
Suppose a - 1190 = 18*a. Let v = a + 238. List the prime factors of v.
2, 3, 7
Let u be (7840/5 - -6)/2. Suppose 0 = -786*k + u*k - 252. What are the prime factors of k?
2, 3, 7
Let o(q) = 1100*q - 777. List the prime factors of o(8).
71, 113
Let d = -2872 + 11359. What are the prime factors of d?
3, 23, 41
Suppose -22*g - 42*g = -17*g - 772539. What are the prime factors of g?
3, 5479
What are the prime factors of 175600/(-13 + 29) - 18?
10957
Let g(s) = -731*s + 562. What are the prime factors of g(-8)?
2, 5, 641
Let h be (24/20)/(17/15 - 1). Suppose z = -b + 1, 6*b - 2*b = z + h. List the prime factors of 74 + (0 - (z - -1)).
2, 37
Let u(y) = y**3 - y**2 - 6*y - 4. Let l be u(3). Let r be (110/l)/(20/8 - 3). Suppose 769 = 14*p + r. What are the prime factors of p?
3, 17
Suppose t = 4*r + 26, 0 = 3*r + 5 - 2. Suppose t = -5*l + 1347. What are the prime factors of l?
5, 53
Let u(o) = o + 93*o**2 + 227 + 98*o**2 - o**3 + 42 - 190*o**2. List the prime factors of u(0).
269
Suppose -18*c = -189 - 135. Suppose 0 = -c*y + 8*y - 3790. Let i = y - -639. List the prime factors of i.
2, 5, 13
Let i(u) = u**2 + 3*u + 11. Let z be i(5). Let v = z - -130. Suppose 0 = -3*s - 5*a + 483, s - 2*a - v = 3*a. What are the prime factors of s?
2, 83
Suppose 16*d - 22*d + 7986 = 0. Suppose -3914 = -5*s + q + d, 2*q = 10. List the prime factors of s.
2, 3, 5, 7
Suppose 259*u - 245124 = 226*u. List the prime factors of u.
2, 3, 619
Let v = -27696 - -100683. What are the prime factors of v?
3, 24329
Let f(r) = r**2 + r + 19. Let a be f(18). Let s = a + -329. What are the prime factors of s?
2
Let r = -495 + 12976. List the prime factors of r.
7, 1783
Let t(c) = c**3 + 30*c**2 + 28*c - 36. Let f be t(-29). Let g(a) = 6*a**2 - 29*a - 32. List the prime factors of g(f).
3, 5, 31
Let o(n) be the first derivative of 141*n**2 + 22*n - 43. List the prime factors of o(2).
2, 293
Suppose -24*u + 26*u = -2*n + 14672, 7*n = 5*u - 36728. List the prime factors of u.
2, 5, 367
Suppose 0 = 61*i - 11*i - 1946273 - 2566177. What are the prime factors of i?
3, 67, 449
Let h(x) = -x**2 + 5*x + 40. Let r be h(9). Suppose -r*m + 3*u + 1430 = m, 0 = -5*u. Suppose 46 = 5*y - 2*a - m, -4*a - 202 = -3*y. List the prime factors of y.
2, 3, 11
Suppose 0 = -3*o - 4*d + 454, -4*o - 4*d + 606 = d. Let y(j) = 5*j + 7. Let v be y(7). Suppose 7*p - v - o = 0. List the prime factors of p.
2, 7
Let d = 329 - 1523. Let h = -828 - d. List the prime factors of h.
2, 3, 61
Let i(k) = -58*k + 11. Let b be (-30)/24 - 1/(-4). Let h be (-4)/b*14/(-28). What are the prime factors of i(h)?
127
Let g be (3 - 63/(-2))/(9/96). Let r = 649 - g. List the prime factors of r.
281
Suppose l - 5658 + 1459 = -5*w, -2*l = 5*w - 4198. Suppose 0 = 219*x - 217*x - w. List the prime factors of x.
2, 3, 5, 7
Let t = -24439 - -42388. List the prime factors of t.
3, 31, 193
Let s(h) = 50*h**2 - 10*h - 80. Let w be s(-9). Suppose -72*c = -67*c - w. List the prime factors of c.
2, 7, 29
Let j(s) = -2*s**3 + 117*s**2 - 62*s - 367. What are the prime factors of j(55)?
2, 8699
Suppose -2732*l + 66051 = -2723*l. List the prime factors of l.
41, 179
Suppose -1 = -2*t - 5*q - 8, 5*t - 23 = q. Suppose t*v = 3 + 25. Suppose 0 = 12*a - v*a - 65. What are the prime factors of a?
13
Let v be 3/(-5) + (-84)/(-15). Suppose 0*z = v*z + 2*z. Suppose z = 5*o - 5, l - 2*o = -3*l + 194. List the prime factors of l.
7
List the prime factors of (-89 - -51)/(539/(-537) - -1).
3, 19, 179
Let w = 4904 - 2129. What are the prime factors of w?
3, 5, 37
List the prime factors of ((-9972)/27)/1*-18.
2, 3, 277
Let c = 28248 - 14175. List the prime factors of c.
3, 4691
Suppose -4*j + k = -13, -20 = -2*k + 6*k. Let g(f) = 10 - 8*f + 22*f - 8*f + 3*f**j - 7*f. What are the prime factors of g(3)?
2, 17
Let g = -15513 + 19283. What are the prime factors of g?
2, 5, 13, 29
Let u = -1 + 6. Let i = 6852 + -6561. Suppose -u*m - 1 = -4*m, -2*f + i = 3*m. What are the prime factors of f?
3, 7
Suppose -15*w - 2733 = -17*w + u, 0 = 5*w + 4*u - 6800. List the prime factors of w.
2, 11, 31
Suppose -4*a = -2*a - 1070. Let g = a + 258. What are the prime factors of g?
13, 61
Suppose -3*v - 223 = -c, 2*c + c - 3*v = 639. Let w be (-450)/(-126) - 6/(-14) - -312. Let o = w - c. List the prime factors of o.
2, 3
Suppose -t + 5 = 0, u + 9*t - 2363 = 13*t. List the prime factors of u.
2383
Suppose 0 = 5*x - 4*h + 22 - 36, 2*x + h = 16. What are the prime factors of 19/x - (-6)/(-36) - -617?
2, 5, 31
Suppose 0 = 107*l - 101*l - 18978. Suppose 0 = 5*s - y + 5*y - l, s - 2*y = 627. What are the prime factors of s?
631
Suppose -3*r + 8 = r. Suppose 3*z - 5 = 4*p, 0 = -4*z + 4*p - 5*p + 13. List the prime factors of 1542/12 + (z/r)/3.
3, 43
What are the prime factors of (-2)/(-12) + (-6 - (-787990)/84)?
3, 5
Let x(l) = 22*l - 73*l**3 - l**2 + 69*l**3 - 11*l**2 - 6. What are the prime factors of x(-7)?
2, 3, 13
Let f = -196 + 193. Let b(h) = 59*h**2 - 12*h - 12. What are the prime 